92.
2, 53
List the prime factors of 1671.
3, 557
List the prime factors of 17427.
3, 37, 157
What are the prime factors of 85?
5, 17
What are the prime factors of 34720?
2, 5, 7, 31
What are the prime factors of 2147?
19, 113
What are the prime factors of 358?
2, 179
What are the prime factors of 3737?
37, 101
List the prime factors of 1727.
11, 157
What are the prime factors of 20876?
2, 17, 307
What are the prime factors of 9465?
3, 5, 631
What are the prime factors of 29915?
5, 31, 193
What are the prime factors of 465?
3, 5, 31
List the prime factors of 32349.
3, 41, 263
What are the prime factors of 33043?
173, 191
What are the prime factors of 1222?
2, 13, 47
List the prime factors of 3213.
3, 7, 17
List the prime factors of 2155.
5, 431
List the prime factors of 6161.
61, 101
What are the prime factors of 4627?
7, 661
What are the prime factors of 11677?
11677
List the prime factors of 718.
2, 359
List the prime factors of 2313.
3, 257
List the prime factors of 663.
3, 13, 17
List the prime factors of 28552.
2, 43, 83
List the prime factors of 2417.
2417
List the prime factors of 39746.
2, 7, 17, 167
List the prime factors of 60196.
2, 101, 149
List the prime factors of 25764.
2, 3, 19, 113
What are the prime factors of 2063?
2063
What are the prime factors of 15643?
15643
List the prime factors of 146749.
146749
What are the prime factors of 41862?
2, 3, 6977
What are the prime factors of 66652?
2, 19, 877
What are the prime factors of 27299?
27299
What are the prime factors of 57722?
2, 7, 19, 31
What are the prime factors of 6099?
3, 19, 107
What are the prime factors of 1920?
2, 3, 5
What are the prime factors of 556?
2, 139
List the prime factors of 5578.
2, 2789
List the prime factors of 963.
3, 107
List the prime factors of 3721.
61
List the prime factors of 49493.
43, 1151
List the prime factors of 1055.
5, 211
What are the prime factors of 5253?
3, 17, 103
What are the prime factors of 937?
937
List the prime factors of 11973.
3, 13, 307
What are the prime factors of 64237?
64237
What are the prime factors of 14352?
2, 3, 13, 23
List the prime factors of 1256.
2, 157
What are the prime factors of 2123?
11, 193
What are the prime factors of 3017?
7, 431
What are the prime factors of 4651?
4651
What are the prime factors of 1500?
2, 3, 5
List the prime factors of 57466.
2, 59, 487
List the prime factors of 17223.
3, 5741
What are the prime factors of 32191?
32191
What are the prime factors of 3028?
2, 757
List the prime factors of 30046.
2, 83, 181
What are the prime factors of 158?
2, 79
List the prime factors of 462.
2, 3, 7, 11
List the prime factors of 19294.
2, 11, 877
List the prime factors of 42467.
42467
List the prime factors of 24923.
24923
What are the prime factors of 16363?
16363
List the prime factors of 4684.
2, 1171
What are the prime factors of 645?
3, 5, 43
List the prime factors of 8269.
8269
List the prime factors of 1179.
3, 131
List the prime factors of 767.
13, 59
What are the prime factors of 4934?
2, 2467
What are the prime factors of 22911?
3, 7, 1091
List the prime factors of 1912.
2, 239
List the prime factors of 21383.
21383
What are the prime factors of 24574?
2, 11, 1117
List the prime factors of 6104.
2, 7, 109
What are the prime factors of 52843?
7, 7549
What are the prime factors of 2042?
2, 1021
What are the prime factors of 546?
2, 3, 7, 13
What are the prime factors of 2572?
2, 643
List the prime factors of 193892.
2, 48473
List the prime factors of 8559.
3, 317
List the prime factors of 1224.
2, 3, 17
What are the prime factors of 869?
11, 79
List the prime factors of 34697.
13, 17, 157
What are the prime factors of 5233?
5233
What are the prime factors of 90265?
5, 7, 2579
List the prime factors of 137131.
137131
List the prime factors of 21209.
127, 167
What are the prime factors of 661?
661
What are the prime factors of 16461?
3, 31, 59
List the prime factors of 4374.
2, 3
What are the prime factors of 2150?
2, 5, 43
List the prime factors of 73714.
2, 36857
List the prime factors of 22696.
2, 2837
List the prime factors of 153102.
2, 3, 17, 19, 79
List the prime factors of 299.
13, 23
List the prime factors of 6597.
3, 733
What are the prime factors of 39780?
2, 3, 5, 13, 17
List the prime factors of 1631.
7, 233
List the prime factors of 15568.
2, 7, 139
What are the prime factors of 6263?
6263
List the prime factors of 2288.
2, 11, 13
What are the prime factors of 65733?
3, 21911
What are the prime factors of 5964?
2, 3, 7, 71
List the prime factors of 9875.
5, 79
List the prime factors of 7054.
2, 3527
What are the prime factors of 1813?
7, 37
List the prime factors of 12989.
31, 419
What are the prime factors of 96454?
2, 29, 1663
List the prime factors of 2210.
2, 5, 13, 17
What are the prime factors of 71086?
2, 35543
List the prime factors of 39810.
2, 3, 5, 1327
What are the prime factors of 651?
3, 7, 31
List the prime factors of 3725.
5, 149
What are the prime factors of 15462?
2, 3, 859
List the prime factors of 716.
2, 179
What are the prime factors of 647?
647
What are the prime factors of 1057?
7, 151
List the prime factors of 2560.
2, 5
List the prime factors of 30156.
2, 3, 7, 359
List the prime factors of 9932.
2, 13, 191
What are the prime factors of 4370?
2, 5, 19, 23
What are the prime factors of 1444?
2, 19
What are the prime factors of 2713?
2713
List the prime factors of 27250.
2, 5, 109
List the prime factors of 3136.
2, 7
What are the prime factors of 627?
3, 11, 19
What are the prime factors of 45973?
31, 1483
What are the prime factors of 6508?
2, 1627
What are the prime factors of 5113?
5113
What are the prime factors of 1750?
2, 5, 7
What are the prime factors of 9190?
2, 5, 919
What are the prime factors of 675?
3, 5
List the prime factors of 2504.
2, 313
List the prime factors of 1846.
2, 13, 71
List the prime factors of 134.
2, 67
What are the prime factors of 34241?
97, 353
List the prime factors of 849.
3, 283
What are the prime factors of 6819?
3, 2273
What are the prime factors of 4016?
2, 251
List the prime factors of 19068.
2, 3, 7, 227
What are the prime factors of 11510?
2, 5, 1151
List the prime factors of 932.
2, 233
What are the prime factors of 10874?
2, 5437
What are the prime factors of 81546?
2, 3, 13591
What are the prime factors of 13393?
59, 227
List the prime factors of 11693.
11, 1063
What are the prime factors of 383?
383
List the prime factors of 3536.
2, 13, 17
List the prime factors of 94066.
2, 7, 6719
What are the prime factors of 9695?
5, 7, 277
What are the prime factors of 27897?
3, 17, 547
List the prime factors of 12301.
12301
What are the prime factors of 4716?
2, 3, 131
List the prime factors of 967.
967
List the prime factors of 5729.
17, 337
What are the prime factors of 4436?
2, 1109
What are the prime factors of 21162?
2, 3, 3527
What are the prime factors of 8888?
2, 11, 101
What are the prime factors of 11932?
2, 19, 157
What are the prime factors of 4785?
3, 5, 11, 29
What are the prime factors of 1471?
1471
What are the prime factors of 4151?
7, 593
List the prime factors of 803.
11, 73
What are the prime factors of 2308?
2, 577
List the prime factors of 26088.
2, 3, 1087
List the prime factors of 11844.
2, 3, 7, 47
What are the prime factors of 1735?
5, 347
What are the prime factors of 341?
11, 31
List the prime factors of 2839.
17, 167
List the prime factors of 4145.
5, 829
What are the prime factors of 1124?
2, 281
List the prime factors of 55860.
2, 3, 5, 7, 19
List the prime factors of 752.
2, 47
List the prime factors of 51038.
2, 13, 151
What are the prime factors of 1669?
1669
List the prime factors of 42073.
42073
List the prime factors of 5852.
2, 7, 11, 19
List the prime factors of 14103.
3, 1567
List the prime factors of 958.
2, 479
What are the prime factors of 8083?
59, 137
What are the prime factors of 457?
457
What are the prime factors of 4749?
3, 1583
What are the prime factors of 6312?
2, 3, 263
What are the prime factors of 10621?
13, 19, 43
What are the prime factors of 7863?
3, 2621
List the prime factors of 2979.
3, 331
List the prime factors of 136364.
2, 73, 467
What are the prime factors of 47174?
2, 103, 229
List the prime factors of 14699.
14699
List the prime factors of 19510.
2, 5,